the prime factors of h(-3).
2, 3, 41
Let r(k) be the second derivative of -k**5/20 - k**4/2 + 13*k**3/6 + 8*k**2 + 21*k. List the prime factors of r(-9).
2, 71
Suppose -2*m - 3*m + 700 = 0. Let t be m + (2/1 - -1). What are the prime factors of 3/(-7) - t/(-7)?
2, 5
Let m = -12 - -1. Suppose 2*f - 3*f + 3*b + 53 = 0, -225 = -5*f - 5*b. Let q = f + m. What are the prime factors of q?
2, 3
Let l be 4/(-8)*0 - 1. Let r be (l/2*0)/(-1). Suppose -3*x + 150 = 5*o, 2*o - 3*o + 4*x + 7 = r. What are the prime factors of o?
3
Let w(q) = q - 2. Let f be w(5). Let c be 2/(-14) + 110/35. Suppose 0 = 6*b - c*b - f*v - 63, 44 = 2*b - 3*v. List the prime factors of b.
19
Let u(i) = i**2 - 7*i + 3. Let v be 2 + (-25)/10 + (-42)/4. What are the prime factors of u(v)?
3, 67
Suppose 5*k - 4 - 6 = 0. Let o(l) = 38*l - 2. List the prime factors of o(k).
2, 37
Suppose -37*h = -29*h. Suppose 0 = -h*p - p + 157. What are the prime factors of p?
157
Let w(d) = -16*d + 204. List the prime factors of w(-25).
2, 151
Let p(a) = -5*a**3 + 7*a**2 + 34*a + 29. What are the prime factors of p(-7)?
43
Suppose 0 = -4*v + v + 5*n + 277, -3*v + 2*n + 262 = 0. Suppose 0*f + 47 = -f. Let l = f + v. List the prime factors of l.
37
Suppose -4*f + 47 = 11. Suppose -7*h - 44 = -f*h. What are the prime factors of h?
2, 11
Let d = -1326 - -1923. List the prime factors of d.
3, 199
Let l be (-5 + (-173)/(-2))/((-2)/4). Let y = 377 + l. List the prime factors of y.
2, 107
List the prime factors of (((-1)/4)/((-8)/33472))/2.
523
Let a = 15 + -10. Suppose -a*d + 12 = -2*d. Suppose 64 = d*q + 4*u, 0*u = u - 4. What are the prime factors of q?
2, 3
Let b be 2/10 - (-13176)/120. Let j = -33 + b. What are the prime factors of j?
7, 11
Let y(i) = -22*i + 142. List the prime factors of y(-31).
2, 103
Suppose 28152 = -200*c + 208*c. List the prime factors of c.
3, 17, 23
Let r be (-4)/(-16) - 2316/(-16). Suppose 37 - r = -4*n. Suppose 5*b = 5*l + 155, n + 16 = b + 3*l. List the prime factors of b.
2, 17
Let o(k) = 6*k**2 - k + 191. What are the prime factors of o(-20)?
7, 373
Suppose -3*i - 35*f + 36*f = -4451, -3*i + 5*f = -4459. What are the prime factors of i?
1483
Suppose 3*g - 45 = -g - m, -3*m - 15 = -3*g. Suppose 261 = g*h - 159. List the prime factors of h.
2, 3, 7
List the prime factors of 6/8 + -7461*(-2)/8.
2, 3, 311
Suppose -2*h = -0*h - 5*x - 31, 4*x + 14 = -2*h. Suppose 3*i + h*y = 87, -3*i = -y - 25 - 42. Suppose 5*k = 11 + i. What are the prime factors of k?
7
Suppose 3*w - 386 - 490 = 0. Suppose 2*r - 3*c - w + 32 = 0, c - 379 = -3*r. What are the prime factors of r?
127
Suppose 3*t - o = 84, -7*t + 2*t + 150 = -5*o. Suppose -4*l - t = -5*l. What are the prime factors of l?
3
Suppose 35*h + 494 = 37*h. List the prime factors of h.
13, 19
Let r = 47 - 2. Suppose -u + r = 9*t - 7*t, -3*t = -3*u + 117. List the prime factors of u.
41
Suppose s = 3*z + 185, -5*s + 2*z + 981 = z. List the prime factors of s.
197
Let g(u) = u**2 + 8*u - 8. Let w be g(-9). Suppose 0 = -5*b - w - 9. List the prime factors of b/(-6) - (-268)/6.
3, 5
Suppose 2*x = 48*x - 50738. What are the prime factors of x?
1103
Suppose -3*c - 1854 = -3*v, 124*v + c = 119*v + 3078. What are the prime factors of v?
2, 7, 11
Let q = -167 - -343. Suppose -x + 3*x = q. Suppose 5*o - x = c, -4*o + 4*c + 51 = -13. What are the prime factors of o?
2, 3
Let z(x) = -1. Let k(i) = -i + 7. Let a(v) = k(v) - 4*z(v). Let l be a(7). Suppose -2*j - 2*t = j - 113, -j + l*t + 47 = 0. List the prime factors of j.
3, 13
Let v(k) = -k**3 + 64. Suppose 4*n = 3*n - 1, 4*j + 5*n = -5. List the prime factors of v(j).
2
Suppose 3*b = -2*b + 150. Let o = -6 - -9. Suppose o*u = 5*u - b. What are the prime factors of u?
3, 5
Suppose -2*u + 5 = -7. Let r = -82 - -226. Suppose -2*q - r = -u*q. What are the prime factors of q?
2, 3
Let p be (-1 + -7)*2/(-4). Let q(s) = -s**2 + 7*s - 2. Let o be q(p). List the prime factors of (45/o)/(2/12).
3
Suppose -542 = -x - 2*x - 5*s, -4*x - 5*s + 726 = 0. Suppose -2*i + 2 + 2 = 0, -3*c + x = 2*i. What are the prime factors of c?
2, 3, 5
Let h(q) = 4*q**2 - 7*q - 8. What are the prime factors of h(9)?
11, 23
Let j(u) = 51*u**2 + 4*u + u + 2 - 3*u + 0*u. List the prime factors of j(-1).
3, 17
Suppose 775*t - 777*t + 1102 = 0. What are the prime factors of t?
19, 29
Let j = -158 + 159. Let l(b) = -b**3 + 4*b**2 + 2*b - 6. Let u be l(4). Suppose 25 = -5*w, 5*t - u*w - 19 = j. What are the prime factors of t?
2
Let c = 2 + 0. Suppose -194 = -2*y - 2*x, y - 396 = -3*y - c*x. List the prime factors of y.
101
Let v = 62 + -35. What are the prime factors of (v/(-18))/(6/(-320))?
2, 5
Let g = -5 + 10. Suppose -q = -n - 1 - 3, -4*n = g*q + 7. What are the prime factors of ((-27)/q)/((-12)/8)?
2, 3
What are the prime factors of (16093/9 - 0) + (-230)/2070?
2, 3, 149
Let m(p) = -p**3 - 8*p**2 - 2*p - 4. Suppose 0 = -2*a - 0*a. Suppose 0 = 3*h - a*h + 24. List the prime factors of m(h).
2, 3
Suppose 12 = 5*y - 8. Suppose 2*b + 0*b = -y*g + 20, 3*g - 5*b = -11. What are the prime factors of g?
3
List the prime factors of 132921/108 + 1/4.
1231
Suppose 50 + 62 = j. Let q = -67 + j. What are the prime factors of q?
3, 5
Suppose 0 = -8*c + 3*c + 85. Let i = -15 + c. What are the prime factors of 5/i*(-7 + 9)?
5
Let g(t) = -3*t**2 + 6*t - 19. Let k be g(8). Let m = -80 - k. What are the prime factors of m?
83
What are the prime factors of 382*(-15)/(-50) + 4/10?
5, 23
Let d(u) = 116*u - 163. List the prime factors of d(16).
1693
Let o(v) = -7*v + 5. Let z(g) = g**3 - 4*g**2 + g + 2. Let p be z(4). Let h be o(p). Let d = 68 + h. What are the prime factors of d?
31
Let m(j) = j**2 - j. Let s be m(1). Suppose 2*r + s*r - 80 = 0. List the prime factors of r.
2, 5
Let j(v) = v**2 - 14*v + 13. Let k be j(13). Suppose 5*t + 3*h - 47 = 0, -2*t - 5*h + 4*h + 18 = k. What are the prime factors of t?
7
Let l = 31 + -14. What are the prime factors of 3 + l + -4 - 1?
3, 5
Let z be 1/3 + 911/3. Suppose -4*t + p + 83 + 217 = 0, 4*t = 2*p + z. Let y = t + -39. List the prime factors of y.
5, 7
Suppose 0 = d - 1. Let s be -2 - (14 - d - -1). Let m = -6 - s. List the prime factors of m.
2, 5
Suppose -i = 2*p - 296, 4*p + 5*i = 5*p - 126. What are the prime factors of p?
2, 73
Let o = -12 - 6. Let n = o + 20. Suppose n*s = 3*q + 4*s - 64, -2*q = -4*s - 16. What are the prime factors of q?
2, 3
Let d be ((-4)/(-5))/1 + 5/25. Let f(j) = 62*j + 2. List the prime factors of f(d).
2
Let a(z) = 3*z - 2*z + 0*z**2 + z + z**2 + 18. Let u be a(0). What are the prime factors of 18/4 + (-27)/u?
3
Suppose 0 = 4*i - 247 + 7. Suppose -2*r - i = -n - r, -r = -4*n + 228. Let m = n + -37. What are the prime factors of m?
19
Suppose 0 = -2*j + 3*x + 71, -3*j + 8*j - 174 = 4*x. Suppose -4*h - 144 = -5*g - 2*h, 5*h = 2*g - 66. Suppose 2*l - j - g = 0. List the prime factors of l.
31
Let l(b) = 12*b**2 - 14*b + 9. List the prime factors of l(6).
3, 7, 17
Let h(t) = -t**2 - 9*t + 2. Let s be h(-9). Suppose -88 = 4*c - 80. What are the prime factors of (12 - c) + s + -2?
2, 7
Suppose 5*u + 4128 = 4*p, -2*p = 3*u - 5*p + 2478. What are the prime factors of (-4)/(-18) - u/18?
2, 23
Let s(h) = 47*h**2 - 12*h - 20. List the prime factors of s(-2).
2, 3
Suppose 1 + 2 = z. Let g(t) = 0 - 1 + 2 + 3*t**2 - 4. List the prime factors of g(z).
2, 3
Suppose -3*p - 454 + 142 = -5*y, -5*p + y = 542. Let k = 130 - 203. Let z = k - p. What are the prime factors of z?
2, 3
Suppose -13*g + 173 = 17. What are the prime factors of (-24)/(-10)*990/g?
2, 3, 11
Let o be 0/2*(6 + -5). Let j = 17 + -9. Suppose o = j*i - 3*i - 150. List the prime factors of i.
2, 3, 5
Suppose 6*x = -17*x + 1748. What are the prime factors of x?
2, 19
Let q = 51 - 31. Suppose 0 = k - 33 - q. What are the prime factors of k?
53
Let c = -99 + 144. Suppose c = -4*r + 5*r. Suppose r = 2*d + 11. List the prime factors of d.
17
Suppose -r = 6 - 14. List the prime factors of -2*(r/16 - (57 + -1)).
3, 37
Let d(q) = -4 - 34*q + 10*q - 23 - 5. What are the prime factors of d(-5)?
2, 11
What are the prime factors of ((-255)/(-34)*8/(-10))/(-2)?
3
Let g(d) = 5*d - 7. Let v = 7 + -5. Let x be g(v). Suppose -34 = -x*j + 2*j + r, 2*r = -2*j + 68. List the prime factors of j.
2, 17
Let b = -292 + 440. Let x = b + -70. What are